en 1795 is divided by 2?
1
Calculate the remainder when 5138 is divided by 27.
8
What is the remainder when 109 is divided by 16?
13
Calculate the remainder when 68 is divided by 63.
5
Calculate the remainder when 2460 is divided by 224.
220
What is the remainder when 1146 is divided by 1127?
19
What is the remainder when 590 is divided by 89?
56
What is the remainder when 26043 is divided by 57?
51
Calculate the remainder when 333 is divided by 52.
21
What is the remainder when 149 is divided by 75?
74
Calculate the remainder when 276 is divided by 28.
24
What is the remainder when 379 is divided by 30?
19
What is the remainder when 697 is divided by 78?
73
What is the remainder when 308 is divided by 192?
116
What is the remainder when 141 is divided by 73?
68
What is the remainder when 39 is divided by 8?
7
What is the remainder when 92 is divided by 38?
16
Calculate the remainder when 506 is divided by 128.
122
What is the remainder when 41 is divided by 23?
18
Calculate the remainder when 133 is divided by 78.
55
What is the remainder when 1663 is divided by 190?
143
Calculate the remainder when 34 is divided by 11.
1
Calculate the remainder when 1337 is divided by 67.
64
Calculate the remainder when 921 is divided by 6.
3
What is the remainder when 646 is divided by 59?
56
What is the remainder when 245 is divided by 18?
11
Calculate the remainder when 232 is divided by 14.
8
What is the remainder when 186 is divided by 67?
52
Calculate the remainder when 23 is divided by 12.
11
What is the remainder when 825 is divided by 64?
57
Calculate the remainder when 1505 is divided by 301.
0
Calculate the remainder when 171 is divided by 20.
11
What is the remainder when 1916 is divided by 20?
16
What is the remainder when 7026 is divided by 3?
0
Calculate the remainder when 2964 is divided by 329.
3
Calculate the remainder when 237 is divided by 34.
33
What is the remainder when 811 is divided by 69?
52
Calculate the remainder when 116 is divided by 64.
52
What is the remainder when 212 is divided by 78?
56
What is the remainder when 742 is divided by 313?
116
Calculate the remainder when 989 is divided by 45.
44
Calculate the remainder when 730 is divided by 241.
7
Calculate the remainder when 2503 is divided by 37.
24
Calculate the remainder when 10798 is divided by 15.
13
What is the remainder when 1335 is divided by 659?
17
What is the remainder when 4583 is divided by 24?
23
What is the remainder when 486 is divided by 38?
30
What is the remainder when 303 is divided by 17?
14
Calculate the remainder when 345 is divided by 297.
48
What is the remainder when 187 is divided by 21?
19
What is the remainder when 320 is divided by 67?
52
What is the remainder when 3351 is divided by 1662?
27
What is the remainder when 368 is divided by 54?
44
What is the remainder when 638 is divided by 35?
8
What is the remainder when 7818 is divided by 23?
21
Calculate the remainder when 1510 is divided by 108.
106
Calculate the remainder when 1348 is divided by 320.
68
Calculate the remainder when 170 is divided by 4.
2
Calculate the remainder when 335 is divided by 28.
27
Calculate the remainder when 182 is divided by 17.
12
Calculate the remainder when 8017 is divided by 20.
17
What is the remainder when 385 is divided by 26?
21
What is the remainder when 46 is divided by 24?
22
Calculate the remainder when 1456 is divided by 50.
6
What is the remainder when 554 is divided by 60?
14
Calculate the remainder when 2028 is divided by 171.
147
Calculate the remainder when 347 is divided by 69.
2
Calculate the remainder when 554 is divided by 70.
64
Calculate the remainder when 118 is divided by 12.
10
Calculate the remainder when 182 is divided by 34.
12
What is the remainder when 2633 is divided by 155?
153
What is the remainder when 487 is divided by 45?
37
Calculate the remainder when 1620 is divided by 538.
6
Calculate the remainder when 204 is divided by 11.
6
What is the remainder when 235 is divided by 8?
3
Calculate the remainder when 1044 is divided by 123.
60
Calculate the remainder when 97558 is divided by 49.
48
Calculate the remainder when 95 is divided by 14.
11
Calculate the remainder when 190 is divided by 8.
6
What is the remainder when 156 is divided by 16?
12
What is the remainder when 910 is divided by 51?
43
Calculate the remainder when 1615 is divided by 233.
217
What is the remainder when 121 is divided by 42?
37
Calculate the remainder when 186 is divided by 32.
26
Calculate the remainder when 1291 is divided by 130.
121
What is the remainder when 1407 is divided by 15?
12
Calculate the remainder when 200 is divided by 17.
13
Calculate the remainder when 350 is divided by 71.
66
Calculate the remainder when 144 is divided by 38.
30
Calculate the remainder when 118 is divided by 41.
36
Calculate the remainder when 1885 is divided by 30.
25
What is the remainder when 183 is divided by 23?
22
What is the remainder when 394 is divided by 20?
14
Calculate the remainder when 1607 is divided by 125.
107
What is the remainder when 106 is divided by 41?
24
Calculate the remainder when 267 is divided by 127.
13
What is the remainder when 1157 is divided by 134?
85
Calculate the remainder when 310 is divided by 260.
50
Calculate the remainder when 1733 is divided by 56.
53
Calculate the remainder when 2595 is divided by 52.
47
Calculate the remainder when 39 is divided by 16.
7
What is the remainder when 7651 is divided by 264?
259
Calculate the remainder when 1410 is divided by 133.
80
What is the remainder when 598 is divided by 10?
8
What is the remainder when 119 is divided by 24?
23
Calculate the remainder when 105 is divided by 39.
27
What is the remainder when 28 is divided by 12?
4
Calculate the remainder when 1738 is divided by 252.
226
Calculate the remainder when 4674 is divided by 43.
30
Calculate the remainder when 1909 is divided by 39.
37
What is the remainder when 1171 is divided by 20?
11
What is the remainder when 849 is divided by 226?
171
What is the remainder when 445 is divided by 153?
139
What is the remainder when 2094 is divided by 66?
48
What is the remainder when 1055 is divided by 46?
43
What is the remainder when 64 is divided by 28?
8
Calculate the remainder when 17952 is divided by 189.
186
Calculate the remainder when 25 is divided by 17.
8
Calculate the remainder when 8206 is divided by 114.
112
Calculate the remainder when 41 is divided by 18.
5
What is the remainder when 89 is divided by 10?
9
Calculate the remainder when 2062 is divided by 94.
88
Calculate the remainder when 35 is divided by 6.
5
What is the remainder when 2382 is divided by 84?
30
Calculate the remainder when 1784 is divided by 27.
2
Calculate the remainder when 243 is divided by 73.
24
What is the remainder when 26 is divided by 11?
4
What is the remainder when 247 is divided by 236?
11
Calculate the remainder when 38 is divided by 24.
14
Calculate the remainder when 923 is divided by 25.
23
What is the remainder when 83 is divided by 29?
25
What is the remainder when 581 is divided by 191?
8
Calculate the remainder when 67 is divided by 12.
7
What is the remainder when 463 is divided by 2?
1
Calculate the remainder when 191 is divided by 76.
39
Calculate the remainder when 37 is divided by 32.
5
Calculate the remainder when 1375 is divided by 8.
7
What is the remainder when 384 is divided by 88?
32
Calculate the remainder when 57 is divided by 7.
1
Calculate the remainder when 515 is divided by 132.
119
Calculate the remainder when 1266 is divided by 93.
57
What is the remainder when 168 is divided by 81?
6
What is the remainder when 909 is divided by 10?
9
Calculate the remainder when 401 is divided by 15.
11
What is the remainder when 117 is divided by 46?
25
What is the remainder when 98 is divided by 26?
20
Calculate the remainder when 322 is divided by 10.
2
What is the remainder when 617 is divided by 24?
17
What is the remainder when 3414 is divided by 122?
120
What is the remainder when 76 is divided by 41?
35
Calculate the remainder when 31 is divided by 13.
5
What is the remainder when 502 is divided by 13?
8
Calculate the remainder when 337 is divided by 75.
37
Calculate the remainder when 58 is divided by 30.
28
Calculate the 